se 8) to base 12
31522
1261364 (base 7) to base 15
343a5
What is -351295 (base 13) in base 12?
-508951
What is -1e2a4 (base 16) in base 14?
-33056
-11200121232 (base 4) to base 16
-16066e
Convert -206873 (base 10) to base 11.
-131477
-10221001221 (base 3) to base 6
-1353554
Convert 102331210 (base 4) to base 14.
2043a
What is -331052 (base 6) in base 8?
-65510
What is -1300013103 (base 4) in base 16?
-701d3
What is -200102120122 (base 3) in base 12?
-155abb
What is -11110001100100010 (base 2) in base 7?
-1023406
Convert 20506232 (base 7) to base 5.
420431200
What is -1559903 (base 10) in base 12?
-63287b
Convert -20320321310 (base 4) to base 16.
-238e74
Convert 112234 (base 8) to base 13.
14416
What is 1043423113 (base 5) in base 10?
2326658
-6311710 (base 11) to base 6
-1034312433
Convert 409649 (base 10) to base 7.
3324212
What is -14510636 (base 7) in base 6?
-45333012
What is -38bd2 (base 15) in base 13?
-64832
Convert -1228395 (base 10) to base 6.
-42155003
Convert 25b924b (base 14) to base 13.
3a01225
26056274 (base 9) to base 13
285b635
Convert -1000120102011 (base 3) to base 2.
-10000100011111010101
Convert 333001300 (base 4) to base 5.
31230120
Convert -100001111000011010101 (base 2) to base 11.
-69914a
What is 307392 (base 11) in base 15?
9b0c4
Convert 1286634 (base 11) to base 2.
1000011101111000010100
Convert -89999 (base 13) to base 14.
-67108
What is a84a70 (base 15) in base 2?
11110100100101100001101
What is 84347 (base 11) in base 12?
5b12a
-4121806 (base 9) to base 10
-2199318
Convert 2110103030 (base 4) to base 16.
944cc
Convert 59617b (base 12) to base 7.
15152210
What is 10110022122211 (base 3) in base 10?
1836832
Convert -5d837 (base 14) to base 9.
-378564
Convert 110000011011011111 (base 2) to base 9.
332087
Convert -110001110101111101111 (base 2) to base 15.
-223de3
Convert -13122041 (base 5) to base 10.
-129646
Convert -101000001111011100 (base 2) to base 15.
-33c88
Convert -121200110002002 (base 3) to base 13.
-1ab575b
Convert 7564ba (base 12) to base 4.
13011101032
1170722 (base 10) to base 3
2012110221002
Convert -1185758 (base 9) to base 12.
-27268b
Convert -737180 (base 12) to base 13.
-4b7998
What is -2021112022 (base 3) in base 5?
-2413410
What is -84450 (base 9) in base 2?
-1101100111011101
What is 2423605 (base 8) in base 14?
134741
Convert -42c25 (base 14) to base 5.
-20132122
Convert -23130132313 (base 4) to base 3.
-12122102120021
Convert 40432101 (base 5) to base 2.
1001111110111101111
7b8079 (base 14) to base 4
100003223323
Convert -b68092 (base 12) to base 6.
-141344302
What is 2de581 (base 15) in base 4?
20133103123
609b1 (base 15) to base 5
34242231
Convert -122253 (base 8) to base 9.
-63738
What is 27130f (base 16) in base 9?
4732654
-1027360 (base 9) to base 6
-15442043
What is 374a2 (base 12) in base 11?
51394
7243680 (base 9) to base 6
214515330
What is -13e46 (base 15) in base 14?
-19450
Convert -1001011111111000010011 (base 2) to base 6.
-125211111
What is -1220410400 (base 5) in base 12?
-b80576
Convert 4bc37c (base 13) to base 2.
110111101111000001101
Convert 22301211003 (base 4) to base 9.
5274450
-4705c (base 13) to base 7
-1050064
What is -1111110110111111100011 (base 2) in base 8?
-17667743
What is -430143241 (base 5) in base 9?
-3347153
Convert -1a05e (base 15) to base 6.
-1451012
-3230101 (base 6) to base 3
-22002201101
-501124400 (base 6) to base 9
-16817540
Convert -835c1 (base 15) to base 16.
-65aaf
Convert -197209 (base 10) to base 3.
-101000112001
-3405554 (base 6) to base 3
-22202102221
157402 (base 9) to base 5
11103113
What is -13133221 (base 5) in base 15?
-289ab
Convert -5a95c5 (base 14) to base 10.
-3099129
12202420 (base 7) to base 12
448887
-21111110100 (base 3) to base 9
-244410
Convert 367255 (base 8) to base 16.
1eead
What is 1e4 (base 16) in base 4?
13210
What is -231221123 (base 5) in base 15?
-157c5d
1266011 (base 7) to base 10
167735
-152106 (base 9) to base 14
-26075
What is 69d68b (base 15) in base 5?
2243312411
What is -1bb70 (base 15) in base 5?
-10342310
4c288 (base 14) to base 11
118635
11231151 (base 6) to base 3
122121001111
22142433 (base 6) to base 5
132313431
Convert -666a3 (base 13) to base 16.
-2d55f
What is 31553104 (base 6) in base 8?
3435240
What is -a0abd (base 15) in base 13?
-14a6c1
1a540 (base 12) to base 4
21132000
Convert -20661222 (base 7) to base 15.
-24c496
Convert -446403 (base 7) to base 15.
-18679
-3511551 (base 7) to base 8
-1533307
Convert -16255350 (base 7) to base 8.
-6007771
Convert 82d81 (base 14) to base 5.
40043402
What is 125650026 (base 7) in base 11?
4641464
Convert 18aa (base 15) to base 5.
132320
-1899193 (base 10) to base 15
-277acd
-101ad (base 15) to base 2
-1100011101000101
Convert -1245001 (base 7) to base 15.
-3328d
What is 3210002 (base 4) in base 7?
60356
408834 (base 10) to base 15
81209
-100111101110001011 (base 2) to base 6
-3253123
What is -3413411 (base 6) in base 4?
-222101233
What is 233031001113 (base 4) in base 6?
1121115303
-12112342 (base 5) to base 15
-2394c
-20022011021 (base 3) to base 6
-2354141
What is 109931b (base 12) in base 5?
1304013430
Convert 2200031332 (base 4) to base 9.
1210181
Convert 643265 (base 7) to base 10.
111620
What is 5745511 (base 9) in base 15?
413b87
-50b698 (base 16) to base 7
-62650434
Convert -20200114 (base 7) to base 16.
-19a578
Convert -110111010001011001001 (base 2) to base 4.
-12322023021
Convert -311100312321 (base 4) to base 16.
-d50db9
Convert 368556 (base 14) to base 3.
10111212000021
Convert -636083 (base 11) to base 2.
-11111000100111000010
What is c606 (base 13) in base 4?
12223320
315423214 (base 6) to base 14
a55c70
-203321123 (base 4) to base 5
-14201120
Convert -10001011001111011001 (base 2) to base 14.
-10bbbb
What is -430230234 (base 5) in base 7?
-21225410
Convert 240b23 (base 14) to base 12.
4b480b
What is -31134555 (base 7) in base 2?
-1001111110001010111001
Convert -138916 (base 13) to base 12.
-1ab624
What is -11042611 (base 7) in base 16?
-e85e8
-4c377a (base 13) to base 11
-1044280
-102801 (base 15) to base 5
-144033201
Convert -437724 (base 8) to base 11.
-a0831
What is 11000220002102 (base 3) in base 10?
2143325
-120201000022 (base 3) to base 14
-8090c
ad1029 (base 15) to base 2
11111011111011100111001
What is 121220112112 (base 3) in base 9?
556475
193b86 (base 16) to base 3
10010000100212
1200212033 (base 4) to base 12
170b7b
4923fb (base 16) to base 14
8cabb5
What is 234926 (base 13) in base 10?
838610
What is -1c628 (base 13) in base 8?
-155245
What is 2e5e6 (base 15) in base 6?
3113413
Convert 454863 (base 9) to base 16.
428ee
What is 1006360 (base 10) in base 12?
406474
Convert 110221011321 (base 4) to base 7.
63665034
Convert 19995b2 (base 13) to base 11.
4849887
2234103 (base 5) to base 15
bc53
-10001111011000110 (base 2) to base 4
-101323012
Convert 37506 (base 10) to base 14.
d950
What is 1015940 (base 11) in base 12?
726232
What is -26526633 (base 7) in base 11?
-141a3a4
What is -45461 (base 12) in base 5?
-10422413
Convert 6146336 (base 9) to base 15.
44b679
Convert -532420 (base 8) to base 6.
-3445224
-1142201014 (base 5) to base 10
-2693884
Convert 2b1016 (base 12) to base 13.
1c61a0
Convert -4677422 (base 10) to base 9.
-8718185
What is -261260 (base 10) in base 3?
-111021101022
What is 1bdbc3 (base 14) in base 9?
1781482
What is -2622a3 (base 12) in base 8?
-2306433
Convert 86962 (base 13) to base 12.
b8947
What is -2302121333 (base 4) in base 2?
-10110010011001111111
-8622784 (base 11) to base 3
-1001112210121222
210022220002 (base 3) to base 14
acdd7
Convert -505926 (base 11) to base 10.
-813027
100100110001101001 (base 2) to base 9
248560
278947 (base 10) to base 8
1040643
What is 836e3 (base 15) in base 6?
12533040
Convert -20320033 (base 6) to base 8.
-2170125
Convert 200221111112 (base 3) to base 9.
627445
-1132132 (base 4) to base 2
-1011110011110
Convert 5784868 (base 11) to base 5.
10041434111
What is -311157 (base 11) in base 10?
-499308
What is 6270 (base 14) in base 15?
5054
What is 486484 (base 12) in base 11?
730811
What is -100101010001101001000 (base 2) in base 13?
-339c67
106246426 (base 7) to base 10
6516187
-11413230 (base 5) to base 16
-1a333
Convert -1300003111 (base 4) to base 11.
-293911
-101011110011100001111 